{"id":6246,"date":"2024-08-12T18:19:51","date_gmt":"2024-08-12T16:19:51","guid":{"rendered":"https:\/\/pianosanders.com\/?post_type=product&#038;p=6246"},"modified":"2026-03-29T23:10:20","modified_gmt":"2026-03-29T21:10:20","slug":"kawai-nd-21","status":"publish","type":"product","link":"https:\/\/pianosanders.com\/?product=kawai-nd-21","title":{"rendered":"KAWAI ND-21"},"content":{"rendered":"[vc_row type=\u00bbin_container\u00bb full_screen_row_position=\u00bbmiddle\u00bb column_margin=\u00bbdefault\u00bb column_direction=\u00bbdefault\u00bb column_direction_tablet=\u00bbdefault\u00bb column_direction_phone=\u00bbdefault\u00bb scene_position=\u00bbcenter\u00bb text_color=\u00bbdark\u00bb text_align=\u00bbleft\u00bb row_border_radius=\u00bbnone\u00bb row_border_radius_applies=\u00bbbg\u00bb overflow=\u00bbvisible\u00bb overlay_strength=\u00bb0.3&#8243; gradient_direction=\u00bbleft_to_right\u00bb shape_divider_position=\u00bbbottom\u00bb bg_image_animation=\u00bbnone\u00bb][vc_column column_padding=\u00bbno-extra-padding\u00bb column_padding_tablet=\u00bbinherit\u00bb column_padding_phone=\u00bbinherit\u00bb column_padding_position=\u00bball\u00bb column_element_direction_desktop=\u00bbdefault\u00bb column_element_spacing=\u00bbdefault\u00bb desktop_text_alignment=\u00bbdefault\u00bb tablet_text_alignment=\u00bbdefault\u00bb phone_text_alignment=\u00bbdefault\u00bb background_color_opacity=\u00bb1&#8243; background_hover_color_opacity=\u00bb1&#8243; column_backdrop_filter=\u00bbnone\u00bb column_shadow=\u00bbnone\u00bb column_border_radius=\u00bbnone\u00bb column_link_target=\u00bb_self\u00bb column_position=\u00bbdefault\u00bb gradient_direction=\u00bbleft_to_right\u00bb overlay_strength=\u00bb0.3&#8243; width=\u00bb1\/2&#8243; tablet_width_inherit=\u00bbdefault\u00bb animation_type=\u00bbdefault\u00bb bg_image_animation=\u00bbnone\u00bb border_type=\u00bbsimple\u00bb column_border_width=\u00bbnone\u00bb column_border_style=\u00bbsolid\u00bb][vc_column_text css=\u00bb\u00bb text_direction=\u00bbdefault\u00bb]<strong>Dise\u00f1o<\/strong><\/p>\n<p>Con detalles plateados y caja de resonancia y marco negros, el ND-21 crea una impresi\u00f3n moderna y sofisticada.<\/p>\n<p><strong>Maquina de acci\u00f3n<\/strong><\/p>\n<p>El modelo ND-21 cuenta con la exclusiva acci\u00f3n Ultra-Responsive, con mangos de martillo de madera dura seleccionada y cabezas de martillo de fieltro 100% de lana, que proporcionan un tacto y una sensaci\u00f3n extraordinarios.<\/p>\n<p><strong>Caja de resonancia. <\/strong><\/p>\n<p>La caja de resonancia del ND-21 se fabrica con abeto de fibra recta de la mejor calidad, cuidadosamente seleccionado y probado cient\u00edficamente para superar los exigentes est\u00e1ndares de resonancia de Kawai, garantizando un rango din\u00e1mico excepcional y un equilibrio tonal sobresaliente en todo el espectro sonoro.[\/vc_column_text][\/vc_column][vc_column column_padding=\u00bbno-extra-padding\u00bb column_padding_tablet=\u00bbinherit\u00bb column_padding_phone=\u00bbinherit\u00bb column_padding_position=\u00bball\u00bb column_element_direction_desktop=\u00bbdefault\u00bb column_element_spacing=\u00bbdefault\u00bb desktop_text_alignment=\u00bbdefault\u00bb tablet_text_alignment=\u00bbdefault\u00bb phone_text_alignment=\u00bbdefault\u00bb background_color_opacity=\u00bb1&#8243; background_hover_color_opacity=\u00bb1&#8243; column_backdrop_filter=\u00bbnone\u00bb column_shadow=\u00bbnone\u00bb column_border_radius=\u00bbnone\u00bb column_link_target=\u00bb_self\u00bb column_position=\u00bbdefault\u00bb gradient_direction=\u00bbleft_to_right\u00bb overlay_strength=\u00bb0.3&#8243; width=\u00bb1\/2&#8243; tablet_width_inherit=\u00bbdefault\u00bb animation_type=\u00bbdefault\u00bb bg_image_animation=\u00bbnone\u00bb border_type=\u00bbsimple\u00bb column_border_width=\u00bbnone\u00bb column_border_style=\u00bbsolid\u00bb][image_with_animation image_url=\u00bb6347&#8243; image_size=\u00bbfull\u00bb animation_type=\u00bbentrance\u00bb animation=\u00bbNone\u00bb animation_movement_type=\u00bbtransform_y\u00bb hover_animation=\u00bbnone\u00bb alignment=\u00bb\u00bb border_radius=\u00bbnone\u00bb box_shadow=\u00bbnone\u00bb image_loading=\u00bbdefault\u00bb max_width=\u00bb100%\u00bb max_width_mobile=\u00bbdefault\u00bb][\/vc_column][\/vc_row]\n","protected":false},"excerpt":{"rendered":"<p>El piano vertical Kawai ND-21, ofrece un valor incomparable con sonido excepcional, tacto y durabilidad. Adem\u00e1s de la gran caja de resonancia de abeto excepcionalmente s\u00f3lida, El Piano Vertical Kawai ND-21 utiliza una exclusiva acci\u00f3n ultra-sensible que combina artesan\u00eda experimentado con la tecnolog\u00eda de piano de renombre mundial de Kawai para proporcionar un excepcional toque y el tono que va a perdurar.<\/p>\n","protected":false},"featured_media":6231,"template":"","meta":[],"pwb-brand":[84],"product_cat":[76],"product_tag":[],"class_list":{"0":"post-6246","1":"product","2":"type-product","3":"status-publish","4":"has-post-thumbnail","6":"pwb-brand-kawai","7":"product_cat-verticales","9":"first","10":"instock","11":"shipping-taxable","12":"product-type-simple"},"aioseo_notices":[],"brands":[{"id":84,"name":"KAWAI","slug":"kawai"}],"_links":{"self":[{"href":"https:\/\/pianosanders.com\/index.php?rest_route=\/wp\/v2\/product\/6246"}],"collection":[{"href":"https:\/\/pianosanders.com\/index.php?rest_route=\/wp\/v2\/product"}],"about":[{"href":"https:\/\/pianosanders.com\/index.php?rest_route=\/wp\/v2\/types\/product"}],"wp:featuredmedia":[{"embeddable":true,"href":"https:\/\/pianosanders.com\/index.php?rest_route=\/wp\/v2\/media\/6231"}],"wp:attachment":[{"href":"https:\/\/pianosanders.com\/index.php?rest_route=%2Fwp%2Fv2%2Fmedia&parent=6246"}],"wp:term":[{"taxonomy":"pwb-brand","embeddable":true,"href":"https:\/\/pianosanders.com\/index.php?rest_route=%2Fwp%2Fv2%2Fpwb-brand&post=6246"},{"taxonomy":"product_cat","embeddable":true,"href":"https:\/\/pianosanders.com\/index.php?rest_route=%2Fwp%2Fv2%2Fproduct_cat&post=6246"},{"taxonomy":"product_tag","embeddable":true,"href":"https:\/\/pianosanders.com\/index.php?rest_route=%2Fwp%2Fv2%2Fproduct_tag&post=6246"}],"curies":[{"name":"wp","href":"https:\/\/api.w.org\/{rel}","templated":true}]}}